 What is the greatest common factor of o and 110?
10
Let g(s) = 21*s + 1. Let w be g(1). Let a be 25176/104 - 2/26. What is the greatest common divisor of w and a?
22
Suppose t + 58 = 163. Calculate the greatest common divisor of 15 and t.
15
Let b = -10 - -10. Suppose 5*q + 4 - 169 = -5*d, b = -5*q - 3*d + 155. What is the greatest common divisor of q and 4?
4
Let s(z) = 2*z**2 - 4*z. Let n be s(3). Let q(f) = f**2 - 3*f - 2. Let i be q(n). What is the highest common divisor of i and 64?
16
Let l(r) = 4*r - 10. Let f be l(6). What is the highest common factor of f and 126?
14
Suppose 32 = -3*h - 463. Let l = -88 - h. Calculate the highest common factor of l and 11.
11
Let q(b) = -b**3 + 4*b**2 - b - 1. Let o be q(3). Let a be (-168)/20 + (-3)/o. Let x be (-258)/(-4) - a/6. What is the highest common divisor of 6 and x?
6
Let y(r) = -2*r**2 + 6*r + 14. Let t be y(6). Let b be 224/22 + 4/t. What is the highest common factor of 10 and b?
10
Suppose 0*f + 2*f = 88. Let a(h) = -2*h - 1. Let w be a(-2). Suppose r - w*x = 5, 0*x = -2*r + 2*x + 18. What is the greatest common divisor of r and f?
11
Suppose -3*o = -o. Let m(b) = -b**2 + 9. Let d be m(o). Calculate the greatest common factor of d and 36.
9
Suppose 279 = 3*a + 5*f, f + 294 = 4*a - 55. Let p be a/14 + 8/(-28). Suppose 2*x - p = o, 0 = 5*o + 10. What is the highest common factor of 16 and x?
2
Let o = 21 - 18. Calculate the highest common divisor of o and 33.
3
Let i(n) = -2*n - 8. Let m be i(-6). Suppose 171 = g + 2*g + k, m*g - 227 = -k. Let w = -12 + 19. Calculate the highest common factor of w and g.
7
Let x(g) = 56*g**2 + g. Let p be x(1). Let w = -1 - -20. Calculate the greatest common factor of w and p.
19
Let f(v) be the first derivative of 3*v**2/2 - 3*v - 9. Let y be f(2). Calculate the greatest common factor of y and 3.
3
Suppose y + 9 = 2*y. Suppose r + 3*h = 3, 12 = -3*r - h - 3. Let j be (-57)/r + 2/(-4). What is the greatest common divisor of j and y?
9
Let h be (-1 + (3 - 1))*1. Let y be (h - 3) + 1*142. Calculate the highest common factor of 20 and y.
20
Let n = 8 - 5. Suppose -7 = x - n*x - p, -x + 4*p + 8 = 0. Let a be (24/(-20))/(x/(-90)). Calculate the highest common divisor of 18 and a.
9
Let a(t) = -10*t**2 - 4*t + 2. Let m(j) = j**2 + j - 1. Let w(h) = -a(h) - 2*m(h). Let l be w(2). Calculate the greatest common divisor of 90 and l.
18
Let u be ((-240)/50)/((-2)/30). Suppose 0 = -n + 2*n - 48. What is the greatest common factor of n and u?
24
Let g(z) = 58*z**2 + 2*z. Let r be g(-2). Let w = r - 140. What is the highest common divisor of 11 and w?
11
Let s = 3 + -5. Let y = 3 + s. Suppose -5*v - 2*t = -13, 0*v - v - 1 = 4*t. Calculate the highest common divisor of v and y.
1
Let c = -19 + 25. What is the highest common factor of c and 15?
3
Let g = 15 - 8. Let h = 9 - g. What is the greatest common factor of h and 18?
2
Let m = -58 - 32. Let n be (m/(-25))/((-3)/(-10)). What is the greatest common factor of n and 84?
12
Let q = 8 + 2. Let a = 33 + -102. Let h = -29 - a. What is the highest common divisor of q and h?
10
Let m be (-456)/(-40) + 2/(-5). Calculate the greatest common factor of m and 55.
11
Let o(g) = -g + 27. Let s be o(11). Let u be (28/3)/(3/36). What is the highest common factor of s and u?
16
Let d = -37 - -157. Calculate the greatest common factor of d and 40.
40
Let f(m) = -10*m - 16. Let j be f(-16). Calculate the highest common factor of 18 and j.
18
Let o(p) = p**3 + 7*p**2 + 4*p + 6. Let x be o(-6). Suppose 7*g = 6*g + x. Calculate the highest common divisor of g and 6.
6
Let j be (-29)/(-3) - 16/24. What is the greatest common divisor of j and 1?
1
Suppose 3*w - 6 = -0*w. Suppose 0 = 2*h + g + 3*g - 240, -5*h = w*g - 568. What is the greatest common divisor of 14 and h?
14
Let r be 0 + -1 - -11 - -2. Let p = r - 6. Let i(t) = 10*t. Let a be i(3). Calculate the highest common divisor of a and p.
6
Let c = -1 - -29. Calculate the highest common divisor of 14 and c.
14
Suppose 4*x + 31 = -o + 2*o, 3*x - 4*o = -33. Let c = 11 + x. What is the greatest common factor of c and 4?
4
Let l = -2 - -4. Let d = 1 - -1. Calculate the highest common divisor of l and d.
2
Suppose -3*a - 27 = -3*g, 0 = -4*a - 0*a - 3*g - 15. Let d = a + 10. What is the greatest common divisor of d and 28?
4
Let t(l) = 2*l - 14. Let k be t(14). Calculate the greatest common factor of 112 and k.
14
Suppose -3*i = -2*m - 6*i - 11, -3*m - 3*i - 18 = 0. Let z = -3 - m. Suppose -4*c + 2*x + 11 = 5, z*x = -c + 6. What is the highest common divisor of c and 14?
2
Let g = 59 + -7. Calculate the greatest common divisor of 26 and g.
26
Let q be 2 - (4/2 - 1). Suppose 27 - 51 = -6*i. Calculate the highest common factor of q and i.
1
Suppose -171 = -3*t + 2*l, 0 = -l - l + 6. Calculate the greatest common divisor of 649 and t.
59
Suppose -4*m = -m - 5*z - 403, 5*z = -25. Calculate the highest common factor of m and 7.
7
Suppose 3 = 3*v - 18. Let q be (0 + (-290)/(-25))*-5. Let j = 93 + q. What is the greatest common factor of j and v?
7
Suppose 0 = 2*u + 5*z - 115, 3 = -z + 2*z. Suppose 5*l - u + 15 = 0. Calculate the highest common divisor of 35 and l.
7
Let u = -141 + 211. Let b(l) be the first derivative of 3*l**2/2 - 2*l + 2. Let w be b(4). Calculate the highest common factor of u and w.
10
Let i be ((-1)/(-1))/((-8)/(-24)). Suppose 2*z + 5*b - 10 = z, -2*z + 3*b + 7 = 0. Suppose 1 = 3*w - z. What is the greatest common divisor of w and i?
1
Let f be 3*(0 - (-8)/(-3)). Let c = 24 + -12. Let u = f + c. Calculate the greatest common factor of 8 and u.
4
Let k(p) = -196*p**3 + p**2 + 2*p + 1. Let o be k(-1). What is the greatest common factor of o and 56?
28
Suppose 2*m + 88 = 3*v, -3*v - m + 129 = 38. Suppose -19 = -3*y - 4*h, -2*y + h = 3*y - 24. What is the highest common divisor of v and y?
5
Let m = 20 - 7. What is the highest common factor of 65 and m?
13
Suppose 2*q + 3*q = 10. Suppose q*u + 3*w = 5, -5*u = -2*w + 7*w - 25. Suppose 15*p - 113 = 37. What is the highest common factor of u and p?
10
Let n be (-512)/(-12) - (-2)/(-3). Let z be (-1)/3 - (-86)/6. What is the highest common factor of z and n?
14
Let c be (-16)/(-6)*12/8. Suppose c*a - 105 = a. What is the greatest common divisor of a and 7?
7
Suppose d + 241 = -7*r + 2*r, -3*d + 4*r = 723. Let x = 417 + d. Let b = x - 116. What is the highest common divisor of 12 and b?
12
Suppose 0*a = -4*a. Suppose a*c + 144 = 2*c. What is the greatest common factor of c and 8?
8
Let d(a) = -a**3 - 4*a**2 + 8*a + 5. Let v be d(-5). Let s(o) = -10*o + 19. Let z be s(v). What is the greatest common factor of z and 17?
17
Suppose -2*d - 32 = -4*d - 2*c, d - 4*c - 26 = 0. Calculate the highest common divisor of 12 and d.
6
Let t be ((-77)/(-3))/(5/15). Let w(a) = a**3 - 7*a**2 + 5*a - 1. Let g be w(6). Let u = 14 + g. Calculate the highest common divisor of t and u.
7
Let o be 15/25*(0 - -5). Let l(f) = f**2 + f + 2. Let p be l(o). Let r be 3 - (1 - 0/3). Calculate the greatest common divisor of p and r.
2
Suppose 0*i + 24 = 3*i. Let r be ((-22)/(-3) + -2)*255/34. Calculate the highest common factor of r and i.
8
Suppose -42 = -t - 2*t. Let u be (-3)/6 - (-10)/4. Calculate the highest common divisor of t and u.
2
Suppose -4*y + 0 - 4 = 0. Let v be (y/3)/((-4)/48). Suppose -2*f = -v*k, -5*f - 4*k = -2*f - 10. What is the highest common factor of f and 10?
2
Let y = 47 + 61. Let h = 48 - -12. Suppose 0*i = 5*i - h. What is the greatest common factor of i and y?
12
Let h be 3*(-2)/(-4)*2. Suppose 0 = 2*s + v - 73, -h*v - 79 + 263 = 5*s. Let j be 4/(-22) + (-312)/(-22). Calculate the greatest common factor of s and j.
7
Suppose 3*d = 4*b + 84, 54 = 2*d - b - b. Suppose 2*j + 3*k - 5*k = 112, 5*k + 220 = 4*j. Calculate the greatest common divisor of j and d.
12
Let a = -94 + 134. Calculate the greatest common divisor of a and 20.
20
Suppose -2*k - 20 - 40 = 0. Let b = k - -57. Calculate the greatest common factor of 81 and b.
27
Let v be (480/28)/(-2)*7. Suppose 0 = -2*o - 10, 8 = -s - 5*o + 88. Let d = s + v. What is the greatest common divisor of d and 18?
9
Suppose -9 = -4*k + k. What is the highest common divisor of k and 6?
3
Let b be -1*0*1/(-2). Suppose b*t = 4*t - 40. Calculate the greatest common divisor of t and 50.
10
Let h(i)